45?
7
What is the remainder when 9746 is divided by 171?
170
Calculate the remainder when 171 is divided by 44.
39
Calculate the remainder when 1898 is divided by 191.
179
What is the remainder when 202 is divided by 23?
18
Calculate the remainder when 370 is divided by 53.
52
Calculate the remainder when 346 is divided by 117.
112
Calculate the remainder when 4046 is divided by 45.
41
Calculate the remainder when 678 is divided by 17.
15
What is the remainder when 1270 is divided by 18?
10
Calculate the remainder when 11 is divided by 5.
1
Calculate the remainder when 2458 is divided by 80.
58
Calculate the remainder when 889 is divided by 65.
44
What is the remainder when 415 is divided by 104?
103
What is the remainder when 44180 is divided by 17?
14
What is the remainder when 79 is divided by 52?
27
What is the remainder when 185 is divided by 13?
3
Calculate the remainder when 3159 is divided by 213.
177
What is the remainder when 92 is divided by 18?
2
Calculate the remainder when 921 is divided by 39.
24
Calculate the remainder when 84 is divided by 41.
2
What is the remainder when 712 is divided by 125?
87
What is the remainder when 94 is divided by 36?
22
What is the remainder when 3589 is divided by 27?
25
What is the remainder when 168 is divided by 29?
23
Calculate the remainder when 236 is divided by 92.
52
What is the remainder when 538 is divided by 61?
50
Calculate the remainder when 1086 is divided by 108.
6
Calculate the remainder when 1444 is divided by 717.
10
What is the remainder when 32205 is divided by 264?
261
Calculate the remainder when 2777 is divided by 2772.
5
Calculate the remainder when 305 is divided by 211.
94
What is the remainder when 972 is divided by 69?
6
What is the remainder when 2266 is divided by 177?
142
What is the remainder when 174 is divided by 113?
61
Calculate the remainder when 378 is divided by 16.
10
Calculate the remainder when 340 is divided by 315.
25
Calculate the remainder when 3477 is divided by 59.
55
Calculate the remainder when 587 is divided by 40.
27
What is the remainder when 519 is divided by 88?
79
Calculate the remainder when 481 is divided by 23.
21
What is the remainder when 177 is divided by 90?
87
Calculate the remainder when 86 is divided by 21.
2
Calculate the remainder when 324 is divided by 29.
5
Calculate the remainder when 105 is divided by 34.
3
What is the remainder when 283 is divided by 70?
3
Calculate the remainder when 240 is divided by 35.
30
What is the remainder when 47 is divided by 24?
23
What is the remainder when 111 is divided by 21?
6
Calculate the remainder when 1503 is divided by 558.
387
Calculate the remainder when 882 is divided by 145.
12
What is the remainder when 4534 is divided by 63?
61
Calculate the remainder when 309 is divided by 113.
83
Calculate the remainder when 5404 is divided by 104.
100
Calculate the remainder when 877 is divided by 18.
13
Calculate the remainder when 76 is divided by 17.
8
What is the remainder when 24 is divided by 5?
4
Calculate the remainder when 201 is divided by 52.
45
What is the remainder when 1544 is divided by 9?
5
Calculate the remainder when 47 is divided by 36.
11
Calculate the remainder when 341 is divided by 44.
33
Calculate the remainder when 391 is divided by 60.
31
Calculate the remainder when 884 is divided by 112.
100
What is the remainder when 549 is divided by 46?
43
Calculate the remainder when 442 is divided by 37.
35
What is the remainder when 585 is divided by 75?
60
What is the remainder when 116 is divided by 30?
26
What is the remainder when 33 is divided by 7?
5
What is the remainder when 146 is divided by 58?
30
Calculate the remainder when 33746 is divided by 21.
20
What is the remainder when 1357 is divided by 280?
237
What is the remainder when 1994 is divided by 97?
54
What is the remainder when 5034 is divided by 280?
274
What is the remainder when 416 is divided by 49?
24
What is the remainder when 103 is divided by 44?
15
What is the remainder when 93 is divided by 17?
8
What is the remainder when 475 is divided by 111?
31
Calculate the remainder when 20 is divided by 15.
5
Calculate the remainder when 78 is divided by 41.
37
What is the remainder when 2182 is divided by 91?
89
Calculate the remainder when 693 is divided by 65.
43
Calculate the remainder when 405 is divided by 17.
14
Calculate the remainder when 1515 is divided by 31.
27
What is the remainder when 2779 is divided by 30?
19
What is the remainder when 8 is divided by 3?
2
What is the remainder when 225 is divided by 12?
9
What is the remainder when 59 is divided by 26?
7
Calculate the remainder when 5760 is divided by 640.
0
What is the remainder when 603 is divided by 11?
9
Calculate the remainder when 231 is divided by 16.
7
What is the remainder when 138 is divided by 4?
2
What is the remainder when 962 is divided by 199?
166
What is the remainder when 12477 is divided by 40?
37
What is the remainder when 574 is divided by 34?
30
What is the remainder when 539 is divided by 111?
95
What is the remainder when 47 is divided by 22?
3
What is the remainder when 1386 is divided by 683?
20
Calculate the remainder when 553 is divided by 37.
35
Calculate the remainder when 607 is divided by 29.
27
Calculate the remainder when 229 is divided by 33.
31
Calculate the remainder when 703 is divided by 185.
148
What is the remainder when 39 is divided by 25?
14
What is the remainder when 12575 is divided by 12?
11
What is the remainder when 3157 is divided by 40?
37
Calculate the remainder when 1504 is divided by 742.
20
Calculate the remainder when 9374 is divided by 5.
4
Calculate the remainder when 365 is divided by 15.
5
Calculate the remainder when 361 is divided by 166.
29
Calculate the remainder when 2860 is divided by 2845.
15
What is the remainder when 339 is divided by 15?
9
Calculate the remainder when 427 is divided by 54.
49
What is the remainder when 40 is divided by 29?
11
Calculate the remainder when 412 is divided by 52.
48
Calculate the remainder when 600 is divided by 197.
9
What is the remainder when 408 is divided by 189?
30
What is the remainder when 254 is divided by 10?
4
Calculate the remainder when 59 is divided by 35.
24
What is the remainder when 2326 is divided by 117?
103
Calculate the remainder when 1961 is divided by 490.
1
Calculate the remainder when 312 is divided by 21.
18
Calculate the remainder when 280 is divided by 86.
22
Calculate the remainder when 525 is divided by 66.
63
Calculate the remainder when 2961 is divided by 19.
16
Calculate the remainder when 294 is divided by 30.
24
Calculate the remainder when 1086 is divided by 9.
6
Calculate the remainder when 670 is divided by 334.
2
What is the remainder when 309 is divided by 41?
22
Calculate the remainder when 32 is divided by 19.
13
What is the remainder when 544 is divided by 120?
64
Calculate the remainder when 691 is divided by 72.
43
Calculate the remainder when 26174 is divided by 15.
14
What is the remainder when 11077 is divided by 5?
2
What is the remainder when 763 is divided by 21?
7
What is the remainder when 1894 is divided by 71?
48
What is the remainder when 682 is divided by 49?
45
What is the remainder when 194 is divided by 3?
2
Calculate the remainder when 219 is divided by 38.
29
What is the remainder when 279 is divided by 18?
9
Calculate the remainder when 42 is divided by 14.
0
What is the remainder when 311 is divided by 100?
11
What is the remainder when 509 is divided by 21?
5
What is the remainder when 1836 is divided by 68?
0
Calculate the remainder when 559 is divided by 176.
31
What is the remainder when 2303 is divided by 2299?
4
Calculate the remainder when 313 is divided by 35.
33
Calculate the remainder when 837 is divided by 21.
18
Calculate the remainder when 813 is divided by 401.
11
What is the remainder when 239 is divided by 8?
7
What is the remainder when 609 is divided by 3?
0
Calculate the remainder when 256 is divided by 52.
48
Calculate the remainder when 458 is divided by 17.
16
Calculate the remainder when 876 is divided by 98.
92
Calculate the remainder when 141 is divided by 62.
17
Calculate the remainder when 2251 is divided by 171.
28
Calculate the remainder when 721 is divi